e g(6).
4
Let x(m) = -2*m**2 + 2052*m - 438987. What is x(304)?
-11
Let j(c) = 139*c**2 - 111066*c + 3982. Calculate j(799).
-13
Let t(y) = -5*y + 976. Calculate t(242).
-234
Let x(w) = -8*w**3 - 37*w**2 + 107*w + 5. Determine x(3).
-223
Let v(y) = 3*y**2 - 809*y - 4116. Give v(-5).
4
Let m(y) = -45*y + 1994. What is m(46)?
-76
Let q(i) = 3*i**2 - 619*i + 4196. Calculate q(7).
10
Let f(z) = z**3 + 137*z**2 + 436*z + 3773. What is f(-134)?
-783
Let n(a) = 44*a**2 - 430*a + 949. What is n(3)?
55
Let o(t) = 36683*t - 36758. Determine o(1).
-75
Let v(b) = 3*b**2 + 4197*b - 345614. What is v(78)?
4
Let i(o) = 122624*o - 367956. Calculate i(3).
-84
Let y(z) = z**2 - 3075*z - 115137. What is y(-37)?
7
Let j(s) = 93*s**2 + 560*s - 1505. Give j(-8).
-33
Let r(d) = -2*d**2 + 91*d + 2479. Determine r(58).
1029
Let d(o) = 2*o**2 - 19816*o - 59455. Calculate d(-3).
11
Let n(k) = -54406*k + 4406878. What is n(81)?
-8
Let b(t) = -3*t**3 + 66*t**2 + 138*t - 2. Calculate b(-5).
1333
Let l(o) = o**2 - 292*o - 3348. What is l(-11)?
-15
Let z(u) = 4317*u - 781410. Determine z(181).
-33
Let z(n) = -20306*n - 162432. What is z(-8)?
16
Let j(n) = -11*n**2 + 11708*n - 58508. Give j(5).
-243
Let a(r) = -r**3 + 29*r**2 + 2103*r - 53298. Give a(24).
54
Let c(t) = t**3 + 54*t**2 + 229*t + 1439. Give c(-50).
-11
Let q(m) = -m**3 - 216*m**2 - 4264*m + 780. What is q(-194)?
4
Let a(b) = -2*b**3 + 420*b**2 - 21657*b - 96. Calculate a(119).
23
Let q(a) = -a**2 - 2034*a + 30954. Calculate q(15).
219
Let k(x) = 1145*x**2 + 8*x - 14. Calculate k(1).
1139
Let g(j) = 3*j**2 + 38*j + 20. Determine g(-19).
381
Let f(s) = s**3 + 91*s**2 + 668*s + 1370. Calculate f(-83).
1038
Let x(q) = q**3 - 148*q**2 + 495*q - 143117. Calculate x(151).
31
Let r(o) = -10380*o - 155728. Give r(-15).
-28
Let d(i) = 1638*i - 58955. What is d(36)?
13
Let g(r) = 2048*r - 155654. What is g(76)?
-6
Let l(m) = 3271*m + 179855. Determine l(-55).
-50
Let z(p) = p**2 + 694*p + 75300. What is z(-133)?
687
Let l(q) = -24*q**3 + 13*q**2 + 72*q + 46. Calculate l(-3).
595
Let r(i) = -4*i**2 + 1080*i - 62812. Calculate r(85).
88
Let a(g) = 203*g**3 - 2*g**2 - 418*g + 418. Calculate a(1).
201
Let x(a) = -397*a + 4432. Determine x(10).
462
Let f(c) = 4*c**2 - 332*c - 1026. Give f(88).
734
Let k(b) = -461*b - 14598. What is k(-31)?
-307
Let u(q) = q**3 - 22*q**2 - 420*q + 7804. Calculate u(27).
109
Let i(s) = -6*s**3 - 12*s**2 - 94*s + 381. Give i(3).
-171
Let y(j) = -j**3 - 32*j**2 - 231*j - 297. Determine y(-23).
255
Let i(o) = 1010*o**2 - 32305*o - 484. Determine i(32).
-4
Let c(u) = 185*u**2 - 10365*u + 276. Give c(56).
-4
Let h(q) = -q**2 - 4775221*q - 23876081. Calculate h(-5).
-1
Let k(j) = j**3 - 10*j**2 - 1412*j + 14122. Determine k(10).
2
Let t(x) = 19*x**3 + 3*x**2 + 13*x + 30. Give t(-2).
-136
Let w(p) = p**2 - 16205*p - 292007. Calculate w(-18).
7
Let m(u) = -405*u + 101620. Determine m(251).
-35
Let o(g) = g**3 + g**2 - 14647*g + 1. Determine o(0).
1
Let m(y) = 179*y - 190. Determine m(2).
168
Let g(p) = -4782*p + 47427. Give g(10).
-393
Let a(h) = -5*h**3 + 12*h**2 + 28*h + 7. Calculate a(-5).
792
Let z(a) = a**2 - 871*a - 7941. Determine z(-9).
-21
Let b(n) = 115*n**2 - 1906*n - 701. Give b(17).
132
Let s(i) = -1259*i + 78403. Determine s(62).
345
Let g(n) = -5*n**3 - 529*n**2 + 102*n - 328. Determine g(-106).
96
Let s(k) = k**2 - 314310*k - 1571552. Give s(-5).
23
Let a(h) = 643*h + 56995. What is a(-89)?
-232
Let f(p) = p**3 - 145*p**2 - 17*p + 2623. What is f(145)?
158
Let d(p) = 7*p**2 + 881*p + 2569. Determine d(-3).
-11
Let k(s) = -2300*s - 135675. Calculate k(-59).
25
Let t(v) = -9*v**3 - 1935*v**2 - 40*v - 8631. Calculate t(-215).
-31
Let f(l) = 3611*l - 429714. Determine f(119).
-5
Let k(c) = -18*c**3 + c**2 + 2831*c + 5676. Determine k(-2).
162
Let g(u) = -513*u - 3412. Give g(-3).
-1873
Let c(j) = -432183*j + 2593103. Calculate c(6).
5
Let m(h) = -21008*h + 399153. Determine m(19).
1
Let t(w) = -444*w**2 - 13543*w - 6675. Calculate t(-30).
15
Let w(m) = m**3 + 83*m**2 - 1168*m - 8. Calculate w(12).
-344
Let z(g) = -g**3 + 4*g**2 - 129*g + 66. What is z(0)?
66
Let u(x) = -21*x**3 + 318*x**2 - 44*x - 7. Determine u(15).
8
Let i(u) = -555*u**2 + 4995*u + 5. Determine i(9).
5
Let x(b) = 192*b - 28571. What is x(149)?
37
Let u(w) = -3*w**3 - 44*w**2 + 156*w + 1860. Calculate u(-12).
-1164
Let d(n) = -n**3 + 12*n**2 - 45*n - 23. Calculate d(9).
-185
Let m(u) = u**2 - 17572*u + 44. Give m(0).
44
Let f(b) = 24*b**2 + 94*b + 96. Determine f(-1).
26
Let g(b) = -6278*b - 313901. Calculate g(-50).
-1
Let n(z) = 51*z**3 + 1890*z**2 + 150*z + 1410. Calculate n(-37).
-33
Let d(t) = -258*t + 3016. Calculate d(13).
-338
Let i(x) = 2*x**3 + 43*x**2 + 124*x - 62. Calculate i(-14).
1142
Let f(j) = -j**3 + 348*j**2 - 16811*j - 176. Give f(58).
346
Let v(l) = l**3 + 153*l**2 - 275*l + 5417. What is v(-155)?
-8
Let t(f) = -2*f**2 - 18*f + 4044. Calculate t(45).
-816
Let v(q) = q**2 - 112*q + 2938. Give v(74).
126
Let n(v) = 11014*v + 108783. Calculate n(-10).
-1357
Let l(k) = 5286*k + 10788720. Calculate l(-2041).
-6
Let j(g) = 96*g**2 - 63*g - 360. Determine j(-6).
3474
Let l(v) = -5*v**2 - 67*v - 1136. Determine l(-13).
-1110
Let g(i) = 2*i**3 + 2*i**2 - 696*i - 80. Give g(-19).
148
Let v(a) = -141*a + 4148. Give v(31).
-223
Let u(k) = 5*k**3 - 130*k**2 + 763*k + 13. Give u(9).
-5
Let y(k) = 794803*k - 22. Determine y(0).
-22
Let s(z) = 4425*z + 123623. Give s(-28).
-277
Let v(c) = 3*c**2 - 21*c - 18. Calculate v(-1).
6
Let g(u) = 3*u**2 + 22482*u - 270220. Determine g(12).
-4
Let v(m) = 3029*m**2 - 18179*m + 2. What is v(6)?
-28
Let r(l) = 8724*l - 17726. Calculate r(2).
-278
Let g(i) = 5*i**3 - 28*i**2 - 425*i + 2281. Calculate g(6).
-197
Let o(i) = -4*i**3 + 4*i**2 + 4*i + 13. Determine o(6).
-683
Let z(s) = -336*s**2 + 1004*s - 22. Give z(3).
-34
Let m(r) = -3976*r + 89068. Give m(22).
1596
Let s(k) = -7*k**2 + 211*k + 442. Determine s(-2).
-8
Let c(i) = -i**3 - 36*i**2 + 334*i + 11002. Calculate c(-37).
13
Let b(v) = 3*v**3 + 66*v**2 - 117*v - 2625. Give b(-22).
-51
Let a(z) = -11*z**3 + 1257*z**2 - 362*z + 2279. What is a(114)?
-1
Let d(f) = -f**2 - 28436*f + 426525. Give d(15).
-240
Let z(d) = d**3 + 7*d**2 - 117*d + 501. Give z(-16).
69
Let m(k) = 144*k + 17522. Determine m(-125).
-478
Let d(g) = -3626*g + 301049. Determine d(83).
91
Let v(c) = -19*c + 2478. Calculate v(140).
-182
Let f(q) = -452*q - 29847. Give f(-66).
-15
Let d(r) = -4*r + 328. Determine d(-57).
556
Let h(a) = -152*a - 2570. What is h(-10)?
-1050
Let o(f) = 2*f**3 + 128*f**2 + 1668*f - 10074. Calculate o(-40).
6
Let l(x) = 3250414*x - 16252060. Calculate l(5).
10
Let v(q) = -626*q + 16023. Calculate v(25).
373
Let y(j) = 8*j**3 + 3693*j**2 - 1385*j + 571. Give y(-462).
109
Let d(t) = 29*t**3 + 419*t**2 + 335*t + 2123. Give d(-14).
-19
Let q(h) = 702*h**2 + 13380*h + 843. What is q(-19)?
45
Let r(h) = -32*h**2 - 1190*h + 262. Determine r(-37).
484
Let h(w) = 6*w**3 + 255*w**2 + 887*w + 2656. Give h(-39).
4
Let g(x) = -90*x**2 - 326*x + 1275. What is g(4)?
-1469
Let o(m) = -30267*m + 2542335. What is o(84)?
-93
Let b(q) = 12054*q - 120. Calculate b(0).
-120
Let s(y) = -y**3 + 23*y**2 + 51*y - 280. Calculate s(19).
2133
Let g(c) = -6*c**2 - 33316*c + 735857. Determine g(22).
1
Let c(o) = -31*o**3 - 433*o**2 + 87*o + 1028. Calculate c(-14).
6
Let l(f) = -90*f**2 + 84*f - 274. Give l(3).
-832
Let f(m) = 15*m**2 - 339*m - 33063. Give f(-37).
15
Let v(f) = -10044*f + 90451. What is v(9)?
55
Let p(m) = -2113*m**2 - 44385*m - 254. Give p(-21).
-2
Let z(i) = -252*i - 4905. What is z(-19)?
-117
Let r(z) = -18*z**2 + 22230*z - 132734. Determine r(1229).
-2
Let g(w) = -425780*w + 3832037. What is g(9)?
17
Let v(k) = -6*k**2 + 2220*k - 178417. Give v(252).
-1
Let l(i) = 103*i - 1346. Calculate l(13).
-7
Let w(j) = 72*j**3 + 13619*j**2 + 2078*j - 179. What is w(-189)?
10
Let i(v) = 5*v**3 - 895*v**2 - 7*v + 1310. Give i(179).
57
Let k(t) = -2*t**3 - 585*t**2 - 65*t + 66289. Give k(-292).
5
Let p(c) = -c**3 + 65*c**2 + 239*c - 2365. Calculate p(68).
15
Let m(d) = -2*d**3 + 161*d**2 - 5117*d + 402953. Calculate m(80).
-7
Let d(y) = y**3 - 37*y**2 - 150*y + 4266. What is d(38)?
10
Let m(t) = 212*t - 65728. Give m(310).
-8
Let t(i) = 2270*i**2 - 45*i 